, what is -23200 + 2?
-231ba
In base 6, what is 353 - -1353?
2150
In base 7, what is -1505563 - 4?
-1505600
In base 13, what is -624 + -7?
-62b
In base 15, what is 3e + -a94?
-a55
In base 3, what is -222101020 - -2?
-222101011
In base 5, what is -1133 + 21403?
20220
In base 5, what is 213204 + 1300?
220004
In base 8, what is -5 + -15332?
-15337
In base 9, what is 3 - 710563?
-710560
In base 16, what is 17 - 123a?
-1223
In base 9, what is 51087 + 2?
51100
In base 14, what is 164 + 2?
166
In base 8, what is 32567077 - 1?
32567076
In base 15, what is 4978 - -5b?
49d4
In base 15, what is -5 + 1c92?
1c8c
In base 14, what is -153 - 938?
-a8b
In base 14, what is -90d4d8 + 1?
-90d4d7
In base 6, what is -5012135 - 4?
-5012143
In base 11, what is a0 - 7498?
-73a8
In base 4, what is -2213 + 12300?
10021
In base 12, what is a + 36130?
3613a
In base 4, what is -21201301031 - -3?
-21201301022
In base 7, what is -452 - -20633?
20151
In base 14, what is -937b0 - 0?
-937b0
In base 7, what is -254 - -112135?
111551
In base 10, what is -608 - 861?
-1469
In base 12, what is 3 + -12b782?
-12b77b
In base 7, what is -1200 - 6330?
-10530
In base 14, what is -58 + -158?
-1b2
In base 13, what is -51904 + 5?
-518cc
In base 4, what is -2211 - -2232300?
2230023
In base 4, what is -10 - -1022323?
1022313
In base 4, what is -202 - -11230?
11022
In base 9, what is -5531 + -5?
-5536
In base 12, what is -b68 + -37?
-ba3
In base 7, what is 14450 + -165?
14252
In base 4, what is 2323311 + 2?
2323313
In base 16, what is -1 - -9196?
9195
In base 3, what is 1221 + 1021210?
1100201
In base 6, what is -3201 - 1153?
-4354
In base 14, what is -14239c + 1?
-14239b
In base 7, what is 0 + 414510?
414510
In base 14, what is 8d39 - 17?
8d22
In base 3, what is -10020110 - 20?
-10020200
In base 3, what is 110022 + -2202022?
-2022000
In base 11, what is 4 + 20283?
20287
In base 15, what is -3e + 2813?
27c4
In base 15, what is 3 + -1d09b?
-1d098
In base 16, what is b2f + 1e?
b4d
In base 15, what is -47 + -3e7?
-43e
In base 6, what is -1144202 + -5?
-1144211
In base 6, what is -111544 + 53?
-111451
In base 2, what is -11010001111001 + 11?
-11010001110110
In base 2, what is 1000100001000 - -10110010?
1000110111010
In base 3, what is -110101 - 110022010?
-110202111
In base 3, what is -21001011220 + 102?
-21001011111
In base 14, what is 4 - 38909?
-38905
In base 9, what is -1517264 + 1?
-1517263
In base 5, what is 122124404 + 4?
122124413
In base 9, what is -132 + 557?
425
In base 12, what is -7 - 4274?
-427b
In base 8, what is -4 + 344546?
344542
In base 10, what is 430 - -9172?
9602
In base 14, what is -8 + -3c4?
-3cc
In base 4, what is 322131031 + 11?
322131102
In base 3, what is -102011 + -1022120?
-1201201
In base 3, what is 20201 + 1120?
22021
In base 15, what is -4 - 9586?
-958a
In base 4, what is 2 - -221130330?
221130332
In base 8, what is 322531 + 25?
322556
In base 3, what is 1010012 + 1120?
1011202
In base 15, what is -4 + -3b33?
-3b37
In base 5, what is 10 + -3304300?
-3304240
In base 2, what is 110110101110011000 - -101?
110110101110011101
In base 5, what is 2 - 23401113?
-23401111
In base 4, what is 1021220223 + -11?
1021220212
In base 10, what is 23 + 162?
185
In base 3, what is -2011 - -1010220011?
1010211000
In base 15, what is 5a8 - 65?
543
In base 5, what is 12000 + -1404?
10041
In base 2, what is 11110111110000000111 + 101?
11110111110000001100
In base 10, what is 306 + 726?
1032
In base 15, what is -76c4 - -3?
-76c1
In base 8, what is 5 - 33403?
-33376
In base 14, what is -3d - -dca?
d8b
In base 9, what is 17 + -4340?
-4322
In base 8, what is -1446 + -10357?
-12025
In base 13, what is 55968 - 6?
55962
In base 8, what is 2314 - -32?
2346
In base 3, what is 122012202212 + 0?
122012202212
In base 2, what is -10 - -10010111111001000?
10010111111000110
In base 3, what is -1 - 202211112?
-202211120
In base 2, what is 11010010011000 - -1011101?
11010011110101
In base 3, what is 21102120210111 - 1?
21102120210110
In base 8, what is -10010 + 7?
-10001
In base 16, what is -143d + 4?
-1439
In base 7, what is 2 - -2232003?
2232005
In base 15, what is -7c + -162e?
-16ab
In base 7, what is 5 - 122161?
-122153
In base 12, what is 2839 + -27a?
257b
In base 6, what is -1544300 + -4?
-1544304
In base 14, what is 44 - -dc8b?
dcd1
In base 15, what is 223 - -4?
227
In base 4, what is 1112313 - 11323?
1100330
In base 13, what is -18a27 - 9?
-18a33
In base 6, what is 403341 + 4?
403345
In base 15, what is -23c5 - 1?
-23c6
In base 8, what is 145747 + -1?
145746
In base 4, what is -3212 + -120?
-3332
In base 6, what is 11 + -411335?
-411324
In base 15, what is c327 - -3?
c32a
In base 4, what is 1 - -10320022?
10320023
In base 14, what is 136 - 45c?
-326
In base 10, what is -1 - 402603?
-402604
In base 3, what is -201 + -2202000102?
-2202001010
In base 2, what is 11 + -11011110111101100?
-11011110111101001
In base 2, what is 100000010010 + -101001001?
11011001001
In base 4, what is 11 - 2212311?
-2212300
In base 16, what is 73 + a?
7d
In base 12, what is 63504 - 1?
63503
In base 2, what is 1000000011111101 - -1001?
1000000100000110
In base 14, what is -1992 - -8?
-1988
In base 10, what is 78 + -23811?
-23733
In base 9, what is -111508 - 0?
-111508
In base 11, what is 1784 + 23?
17a7
In base 3, what is -10 - -100212220?
100212210
In base 14, what is -46b + 67d?
212
In base 11, what is 127 + 48a?
606
In base 7, what is 4055632 + 5?
4055640
In base 8, what is -633441 + 2?
-633437
In base 11, what is -125 - 7a3?
-918
In base 14, what is 180390 - -1?
180391
In base 6, what is -1324 - -143?
-1141
In base 8, what is -57153 + -1?
-57154
In base 6, what is 153 - 150?
3
In base 3, what is -20 + 1000120101120?
1000120101100
In base 14, what is -308c1 + 10?
-308b1
In base 10, what is 34 + -2376?
-2342
In base 13, what is 3 - 232b?
-2328
In base 4, what is -23320231122 + 10?
-23320231112
In base 6, what is 1123 - -113?
1240
In base 7, what is -2423051 + -30?
-2423111
In base 5, what is 21104 - -2?
21111
In base 3, what is -12 + 2001212112?
2001212100
In base 15, what is 3 - -a0520?
a0523
In base 4, what is 22333 - 212?
22121
In base 10, what is 273868 - 5?
273863
In base 12, what is -80822 + 4?
-8081a
In base 8, what is -1 + -76503?
-76504
In base 3, what is 2212202101010 - 11?
2212202100222
In base 11, what is 9 + -2390?
-2382
In base 6, what is -202 + 11525?
11323
In base 4, what is 303333331 + 10?
310000001
In base 7, what is 16643 + -322?
16321
In base 16, what is 1a - -10ff5?
1100f
In base 3, what is 10202 - 211201?
-200222
In base 6, what is -552 - -114030?
113034
In base 9, what is -3 - 58832?
-58835
In base 6, what is 40 - -35221?
35301
In base 16, what is -3 - 28f7?
-28fa
In base 16, what is -e - -5185?
5177
In base 13, what is -c7 + 13?
-b4
In base 16, what is b1 + -1408?
-1357
In base 11, what is 237 - 366a?
-3433
In base 10, what is -4 + -508353?
-508357
In base 13, what is -7aa + -23?
-800
In base 4, what is -110 - 11210011?
-11210121
In base 3, what is 112101 + 20102?
202210
In base 14, what is 22 - -1991?
19b3
In base 6, what is 122 - 205?
-43
In base 10, what is -197702 + -2?
-197704
In base 6, what is 1 - -123223?
123224
In base 16, what is -2552c - 3?
-2552f
In base 12, what is -800 + 28?
-794
In base 14, what is -1 - 6ac?
-6ad
In base 5, what is -1003212 - 2?
-1003214
In base 11, what is -16 + -16a1?
-1707
In base 6, what is -24322 + -1?
-24323
In base 5, what is -33 + 104014?
103431
In base 2, what is -11010100110001 - 1001?
-11010100111010
In base 16, what is 206 - -a?
210
In base 10, what is -1999 - -962?
-1037
In base 8, what is 1 + 6237?
6240
In base 16, what is -eb + -731?
-81c
In base 4, what is -1 - -121102222?
121102221
In base 15, what is -26 + b0?
89
In base 12, what is 4 + -47b615?
-47b611
In base 2, what is -110 + 11001101110001?
11001101101011
In base 10, what is -5019922 + -1?
-5019923
In base 5, what is 1132 + -1024?
103
In base 8, what is 117355 - 0?
117355
In base 9, what is -35786 - 8?
-35805
In base 6, what is 3110534 - 0?
3110534
In base 6, what is -2 + 12104?
12102
In base 2, what is -11101111 - -100000111011?
11101001100
In base 2, what is 1001100111000000 - 11?
1001100110111101
In base 12, what is -44467 - 4?
-4446b
In base 16, what is 1535c + 30?
1538c
In base 12, wh